be 52168/9 + (-124)/279. Suppose -5*b + z = 16*b. What are the prime factors of b?
2, 3, 23
Let p = 47452 + -32696. What are the prime factors of p?
2, 7, 17, 31
Suppose 3*j = -3*l + 24492, 3*j - 3352 = -4*l + 21141. What are the prime factors of j?
3, 907
Suppose 0 = 5*u + 3*w - 103150, 29*u - 31*u = 4*w - 41246. What are the prime factors of u?
47, 439
Let x = -97 + 103. Let v be (1/2 + 1)*(-4 + x). Suppose v*f - 2*g - 54 + 19 = 0, -3*g = -15. What are the prime factors of f?
3, 5
Let r = 1165 + -719. Suppose -r - 1038 = -7*n. List the prime factors of n.
2, 53
Suppose -3*o - 60 = -6*o. Let k be 2 + ((-8)/6)/((-2)/(-123)). What are the prime factors of (168/o)/((-12)/k)?
2, 7
Suppose 4079 = 4*a - 3*r, -a + 0*a - 3*r + 1016 = 0. Suppose 0 = -3*x + 3395 - a. List the prime factors of x.
2, 3, 11
Let y(k) = k**3 - 13*k**2 - k + 11. Let r be y(13). What are the prime factors of 4*(r - -1) + 511?
3, 13
Suppose 5*l = 3*h - 0*h - 4807, 4*h - 5*l = 6416. List the prime factors of h.
1609
Suppose 5*n - 7 = 2*f, -4*f + 32 = 4*n + f. Suppose -n*v + 140 = -148. Suppose -h + 12 + 12 = r, h + v = 5*r. What are the prime factors of r?
2, 5
Let d(t) = -3 + 4*t - t - 3*t - 3*t. Let w be d(-7). Suppose -87 = -3*s + 3*q - w, 3*s + q = 81. What are the prime factors of s?
2, 13
List the prime factors of ((-9)/(-14)*96/9)/((-3)/(-4431)).
2, 3, 211
Let i be (-7 - -2)/((-8)/(-112)). List the prime factors of (1071/5 + 3)*i/(-21).
2, 181
Let q be (-5 + 188/12)*(-9)/(-4). Let b be q/16 - 73/2. Let x = 63 + b. List the prime factors of x.
2, 7
Let a = -2536 - -4205. What are the prime factors of a?
1669
Let b = -34 - -20. Let g(z) = -38*z + 47. Let i be g(b). Suppose 0 = 5*t - 20, 0 = 5*p + 7*t - 6*t - i. What are the prime factors of p?
5, 23
Let r(v) = 3030*v + 2822. List the prime factors of r(15).
2, 7, 431
Suppose -3 = -0*y - 3*y. Let s be (-27)/9 + y/1. List the prime factors of (-12)/(-8) + (-117)/s.
2, 3, 5
Let f(u) = -2*u**3 - 9*u**2 + 6*u + 12. Let x be f(-5). Suppose 3*o + 766 = x*o - j, -5*o + 964 = 2*j. What are the prime factors of o?
2, 3
Let h = -1717 - -9613. What are the prime factors of h?
2, 3, 7, 47
Suppose -2*s = -5*s + 3*j + 324, -5*s = -4*j - 536. Let p be -1*336/4*-1. Suppose -2*m + 3*m + p = u, -5*m - s = -u. What are the prime factors of u?
79
Let o = -116 + 123. Suppose 4*n = -16, -5*k + 4*n - 572 = -o*k. Suppose -5*s + 3*i = -2*s - k, 5*s - i = 506. List the prime factors of s.
2, 3, 17
Let s(t) = t**3 + 10*t**2 - 12*t - 9. Let c(l) = l - 2. Let a be c(-9). Let g be s(a). List the prime factors of (-16)/24*(-267)/g.
89
Suppose 0 = -9*u - 20*u + 138272. List the prime factors of u.
2, 149
Let m(g) = -g**3 + 7*g**2 + 6*g - 24. Let f be m(7). Suppose -3*w - 2880 = 14*j - f*j, w + 2165 = 3*j. List the prime factors of j.
3, 241
Suppose 48 = 15*b - 3*b. Suppose 0*k + b*k = -4. Let n(j) = -261*j + 4. List the prime factors of n(k).
5, 53
Let r = -18587 - -28775. What are the prime factors of r?
2, 3, 283
Suppose -259 + 46 = -3*i. What are the prime factors of (-4 + i)*(-3)/(-3)?
67
Suppose 98796 = 2*q - d, q - 1561*d + 1559*d - 49404 = 0. List the prime factors of q.
2, 53, 233
Suppose 9*q - 477405 - 163977 = -5*q. What are the prime factors of q?
3, 15271
Let t be 23/3 + 72/(-108). Let h(y) = 2*y**3 - 4*y**2 - 37. What are the prime factors of h(t)?
3, 151
Suppose -12*a + 37826 = -14434. What are the prime factors of a?
5, 13, 67
Let z(w) = -6137*w + 6579. What are the prime factors of z(-11)?
2, 17, 2179
Let v(q) = -14*q - 15. Let w be v(-7). Suppose -c = c + f + w, 86 = -2*c + 2*f. Let r = c + 127. What are the prime factors of r?
5, 17
Let z = -3 - -3. Let m = 1 - z. Suppose -14 = k - 3*k + 4*c, 4*c = -3*k + m. List the prime factors of k.
3
Let w(c) = -48*c**3 - 32*c**2 - 56*c - 118. List the prime factors of w(-9).
2, 13, 97
Let c be (-38)/(-171) - (-654)/27*8. Let u = c + -37. What are the prime factors of u?
157
Let g(r) = -121*r - 103. Suppose 5*n = -3*l - 43, 5*n + 19 = 3*l - 18. List the prime factors of g(n).
5, 173
Let u(h) = h**2 + 10*h - 5. Let r be u(-11). List the prime factors of 2/r + 7/(63/1572).
5, 7
Let r be (-4)/8*(-2 - 4). Let c(k) = k**3 - 2*k**2 - r*k**2 + 4*k + 0*k**2 + 0*k**2 + 7. List the prime factors of c(6).
67
What are the prime factors of (-23703)/(-4) - 471/628?
3, 5, 79
Let c(h) = -h**2 + 21*h - 18. Let p be c(20). Suppose 4*g + 2*o - 10 = 0, -g - p*o = 2*o - 13. What are the prime factors of -2 + -3 + g + -1 + 52?
47
Suppose 37 = 7*r + 16. Suppose 0 = r*h - 3*w + 8*w - 109, 3*w - 105 = -3*h. What are the prime factors of h?
3, 11
Suppose 0 = -3*o - 3*q + 2007, -2*q = -o - o + 1342. Suppose 78*s - 2295 = -5*p + 73*s, 2283 = 5*p + s. Let x = o - p. What are the prime factors of x?
2, 107
Let r = -27662 + 76662. List the prime factors of r.
2, 5, 7
Let x(t) = 20*t**3 + t**2 + 68*t - 291. List the prime factors of x(7).
2, 3547
Suppose 2*n - 11 = -3. Suppose -n*i - 1782 = 5*a, 4*a + 1346 = -3*i + 5*a. List the prime factors of (22/(-8))/(3144/i + 7).
2, 7, 11
List the prime factors of ((-20)/3 + 5)*(-61434)/10.
3, 3413
Let v = 36313 + -20733. What are the prime factors of v?
2, 5, 19, 41
Suppose 12*y = 2*y + 2310. Suppose -y + 1500 = 9*r. What are the prime factors of r?
3, 47
Let j = 6 - 3. Suppose 0 = -64*m + 82*m. Suppose -227 = -5*r + j*y, m = -4*r - 4*y + 80 + 108. What are the prime factors of r?
2, 23
Let b(s) = s**3 - 6*s**2 - 10*s - 27. Let r be b(-6). Let c = r + 969. What are the prime factors of c?
2, 3, 5, 19
Let j = -118 - -120. Suppose -90 = -c - o + 248, 0 = 4*c - j*o - 1364. List the prime factors of c.
2, 5, 17
Let x = 10903 - -7511. What are the prime factors of x?
2, 3, 11, 31
Let i(d) = 11*d**3 - 16*d**2 - 24*d + 13. What are the prime factors of i(12)?
7, 2347
Let u = -22 + 19. Let d be u/(12/20) - (-1 + -1). List the prime factors of (-243)/(-5) - d/(-5).
2, 3
Suppose -39*l + 43*l = -36. Let s(q) = q**3 + 10*q**2 - 5*q - 8. What are the prime factors of s(l)?
2, 59
Let x(s) = 7*s**2 - 2*s - 3. Let y = -75 + 43. Let c = 36 + y. List the prime factors of x(c).
101
Let u be 189/42 - (0 - -1)/2. Suppose -u*v - 22 = 5*o, -4*v - 10 = o + 2*o. What are the prime factors of (-6 - (-1284)/18) + (-4)/o?
2, 3, 11
Let s = -213 + 213. Suppose 3*w + i - 2447 = s, 5*i - 61 + 2514 = 3*w. List the prime factors of w.
2, 3, 17
Suppose 4*m + l - 8 = 0, 2*m - l = -0*l + 4. Suppose 2*a = 2*b - 3*b + 1278, 1266 = m*a - 5*b. List the prime factors of a.
2, 11, 29
Let t = -985 + 702. Let m = 399 + t. Let c = m - 75. List the prime factors of c.
41
What are the prime factors of (61 - 1468)/((-3)/31)?
7, 31, 67
Suppose -558*x + 25198578 = 99*x. List the prime factors of x.
2, 127, 151
Let d be (-1166)/(-6) + (-92)/69. Let o = d + 464. List the prime factors of o.
3, 73
Let o(m) = m**2 + 10*m + 2. Let z be o(-9). Let t(l) = -l**2 - 8*l - 11. Let d be t(z). List the prime factors of 492/(-8)*d/6.
41
Let a(y) = 36*y - 20. Let v(t) = -t**3 + 7*t**2 + 7*t - 3. Let x be v(6). Let c = x + -70. What are the prime factors of a(c)?
2, 5
Suppose 0 = 5*v - 5*i, 2*i - 11 + 13 = 3*v. Suppose -v*q = -14*q + 5592. What are the prime factors of q?
2, 233
Let l(k) = -3*k + 17. Let j be l(4). Suppose 5 = h, 152 = 4*c + j*h - 93. What are the prime factors of c?
5, 11
Let s = -11379 + 31011. What are the prime factors of s?
2, 3, 409
Let d = 56 + -48. Let l(z) = -22*z - 29*z + d + 15*z. List the prime factors of l(-2).
2, 5
Let w(x) = x**3 + 7*x**2 - 8*x + 3. Let k be w(-9). Let j = 96 + k. What are the prime factors of (-3)/j - 1812/(-9)?
3, 67
Let c(o) = o**3 + 14*o**2 + 49*o + 6. Let z be c(-7). Suppose -4*r = -a + 1002, z*a + 5*r = a + 5060. List the prime factors of a.
2, 5, 101
Suppose -3*u = 5*o + 4 - 19, -4*o + 3*u + 12 = 0. Suppose 0 = -o*n - 4*m + 1384, n - 16*m = -14*m + 458. What are the prime factors of n?
2, 5, 23
Let o = 72018 + -22080. What are the prime factors of o?
2, 3, 7, 29, 41
Let k = -1129 - -3660. Let o = k + -1793. List the prime factors of o.
2, 3, 41
Suppose 167*u = 170*u - 2178. Suppose -31*r + u = -8884. List the prime factors of r.
2, 5, 31
Suppose -2*s - 5 = -9. Suppose 0*i + o = -5*i + 1590, -s*i + 3*o = -653. What are the prime factors of i?
11, 29
Suppose 0 = 2*k + 3*t - 1928, -t = -2*k + 185 + 